{"id":5662,"date":"2025-08-28T12:35:45","date_gmt":"2025-08-28T12:35:45","guid":{"rendered":"https:\/\/exclusive-corporation.com\/?post_type=product&#038;p=5662"},"modified":"2025-10-13T15:13:54","modified_gmt":"2025-10-13T15:13:54","slug":"combinerv","status":"publish","type":"product","link":"https:\/\/exclusive-corporation.com\/en\/product\/combinerv\/","title":{"rendered":"CombiNERV\u00ae"},"content":{"rendered":"<div class=\"et_pb_column et_pb_column_1_3 et_pb_column_inner et_pb_column_inner_1\">\n<div class=\"et_pb_module et_pb_text et_pb_text_7  et_pb_text_align_left et_pb_bg_layout_light\">\n<div class=\"et_pb_text_inner\">\n<p><strong><span dir=\"auto\">Directions for use:<\/span><\/strong><\/p>\n<p><span dir=\"auto\">P\u00ebrdorimi i rekomanduar ditor \u00ebsht\u00eb nj\u00eb tablet\u00eb me nj\u00eb got\u00eb uj\u00eb.<\/span><\/p>\n<\/div>\n<\/div>\n<\/div>\n<div class=\"et_pb_column et_pb_column_1_3 et_pb_column_inner et_pb_column_inner_2 et-last-child\">\n<div class=\"et_pb_module et_pb_text et_pb_text_8  et_pb_text_align_left et_pb_bg_layout_light\">\n<div class=\"et_pb_text_inner\">\n<p><strong><span dir=\"auto\">Paralajm\u00ebrime:<\/span><\/strong><\/p>\n<ul>\n<li><span dir=\"auto\">Mos e tejkaloni doz\u00ebn e rekomanduar ditore; suplementi nuk \u00ebsht\u00eb z\u00ebvend\u00ebsim p\u00ebr nj\u00eb diet\u00eb t\u00eb rregullt dhe t\u00eb ekuilibruar.<\/span><\/li>\n<li><span dir=\"auto\">mos e p\u00ebrdorni n\u00eb rast t\u00eb mbindjeshm\u00ebris\u00eb ndaj ndonj\u00ebrit prej p\u00ebrb\u00ebr\u00ebsve t\u00eb tij<\/span><\/li>\n<li><span dir=\"auto\">mos e p\u00ebrdorni gjat\u00eb shtatz\u00ebnis\u00eb ose ushqyerjes me gji<\/span><\/li>\n<li><span dir=\"auto\">nuk duhet t\u00eb p\u00ebrdoret nga f\u00ebmij\u00ebt n\u00ebn mosh\u00ebn 12 vje\u00e7<\/span><\/li>\n<li><span dir=\"auto\">Konsultohuni me mjekun tuaj n\u00ebse jeni n\u00ebn terapi hipoglicemike<\/span><\/li>\n<li><span dir=\"auto\">Mos e p\u00ebrdorni n\u00ebse vuani nga s\u00ebmundja celiake (GliSODin\u00ae)<\/span><\/li>\n<\/ul>\n<\/div>\n<\/div>\n<\/div>","protected":false},"excerpt":{"rendered":"<p>Nj\u00eb kombinim unik i ALA-s\u00eb dhe SOD-s\u00eb siguron nj\u00eb efekt t\u00eb fort\u00eb dhe t\u00eb synuar antioksidues, nd\u00ebrsa prania e vitamin\u00ebs B12 dhe L-acetil karnitin\u00ebs e b\u00ebn at\u00eb t\u00eb dobish\u00ebm dhe efektiv p\u00ebr trajtimin e gjendjeve t\u00eb tilla si polineuropatia diabetike, dhimbjet e shpin\u00ebs, dhimbjet e qaf\u00ebs dhe shiatiku, pra gjat\u00eb trajtimit t\u00eb dhimbjeve neuropatike.<\/p>","protected":false},"featured_media":5663,"comment_status":"open","ping_status":"closed","template":"","meta":{"_acf_changed":false,"content-type":""},"pwb-brand":[],"product_brand":[],"product_cat":[124,108],"product_tag":[],"class_list":{"0":"post-5662","1":"product","2":"type-product","3":"status-publish","4":"has-post-thumbnail","6":"product_cat-neurologji-psikiatri","7":"product_cat-vemax","9":"first","10":"instock","11":"shipping-taxable","12":"purchasable","13":"product-type-simple"},"acf":[],"brands":[],"_links":{"self":[{"href":"https:\/\/exclusive-corporation.com\/en\/wp-json\/wp\/v2\/product\/5662","targetHints":{"allow":["GET"]}}],"collection":[{"href":"https:\/\/exclusive-corporation.com\/en\/wp-json\/wp\/v2\/product"}],"about":[{"href":"https:\/\/exclusive-corporation.com\/en\/wp-json\/wp\/v2\/types\/product"}],"replies":[{"embeddable":true,"href":"https:\/\/exclusive-corporation.com\/en\/wp-json\/wp\/v2\/comments?post=5662"}],"wp:featuredmedia":[{"embeddable":true,"href":"https:\/\/exclusive-corporation.com\/en\/wp-json\/wp\/v2\/media\/5663"}],"wp:attachment":[{"href":"https:\/\/exclusive-corporation.com\/en\/wp-json\/wp\/v2\/media?parent=5662"}],"wp:term":[{"taxonomy":"pwb-brand","embeddable":true,"href":"https:\/\/exclusive-corporation.com\/en\/wp-json\/wp\/v2\/pwb-brand?post=5662"},{"taxonomy":"product_brand","embeddable":true,"href":"https:\/\/exclusive-corporation.com\/en\/wp-json\/wp\/v2\/product_brand?post=5662"},{"taxonomy":"product_cat","embeddable":true,"href":"https:\/\/exclusive-corporation.com\/en\/wp-json\/wp\/v2\/product_cat?post=5662"},{"taxonomy":"product_tag","embeddable":true,"href":"https:\/\/exclusive-corporation.com\/en\/wp-json\/wp\/v2\/product_tag?post=5662"}],"curies":[{"name":"wp","href":"https:\/\/api.w.org\/{rel}","templated":true}]}}

<div class="et_pb_column et_pb_column_1_3 et_pb_column_inner et_pb_column_inner_1">
<div class="et_pb_module et_pb_text et_pb_text_7  et_pb_text_align_left et_pb_bg_layout_light">
<div class="et_pb_text_inner">
<p><strong><span dir="auto">Directions for use:</span></strong></p>
<p><span dir="auto">Përdorimi i rekomanduar ditor është një tabletë me një gotë ujë.</span></p>
</div>
</div>
</div>
<div class="et_pb_column et_pb_column_1_3 et_pb_column_inner et_pb_column_inner_2 et-last-child">
<div class="et_pb_module et_pb_text et_pb_text_8  et_pb_text_align_left et_pb_bg_layout_light">
<div class="et_pb_text_inner">
<p><strong><span dir="auto">Paralajmërime:</span></strong></p>
<ul>
<li><span dir="auto">Mos e tejkaloni dozën e rekomanduar ditore; suplementi nuk është zëvendësim për një dietë të rregullt dhe të ekuilibruar.</span></li>
<li><span dir="auto">mos e përdorni në rast të mbindjeshmërisë ndaj ndonjërit prej përbërësve të tij</span></li>
<li><span dir="auto">mos e përdorni gjatë shtatzënisë ose ushqyerjes me gji</span></li>
<li><span dir="auto">nuk duhet të përdoret nga fëmijët nën moshën 12 vjeç</span></li>
<li><span dir="auto">Konsultohuni me mjekun tuaj nëse jeni nën terapi hipoglicemike</span></li>
<li><span dir="auto">Mos e përdorni nëse vuani nga sëmundja celiake (GliSODin®)</span></li>
</ul>
</div>
</div>
</div>

<p>Një kombinim unik i ALA-së dhe SOD-së siguron një efekt të fortë dhe të synuar antioksidues, ndërsa prania e vitaminës B12 dhe L-acetil karnitinës e bën atë të dobishëm dhe efektiv për trajtimin e gjendjeve të tilla si polineuropatia diabetike, dhimbjet e shpinës, dhimbjet e qafës dhe shiatiku, pra gjatë trajtimit të dhimbjeve neuropatike.</p>
